41143 prime?
True
Is 489101 composite?
False
Is 3857081 a prime number?
True
Is 4166219 composite?
False
Is 1596079 prime?
False
Is 13970219 prime?
False
Is 562231 composite?
False
Is 33189146 prime?
False
Is 173987 a composite number?
True
Is 11480981 prime?
True
Is 18879773 composite?
True
Is 13170137 composite?
False
Is 214967 prime?
True
Is 18491555 composite?
True
Is 383195621 a composite number?
False
Is 1279805 a prime number?
False
Is 45007 a composite number?
False
Is 9863221 prime?
True
Is 338765789 a prime number?
True
Is 35669719 a prime number?
True
Is 4578701 a prime number?
True
Is 48912317 a prime number?
True
Is 14479301 a composite number?
False
Is 16666033 prime?
True
Is 2020397 prime?
False
Is 52552361 a composite number?
False
Is 1265273 a composite number?
False
Is 385250149 a composite number?
False
Is 4915331 prime?
True
Is 38321959 prime?
False
Is 259596229 prime?
False
Is 1374653 a prime number?
False
Is 94149373 composite?
True
Is 4445713 prime?
False
Is 346355909 prime?
False
Is 62938789 a composite number?
False
Is 50872831 a composite number?
False
Is 4078499 prime?
False
Is 27025697 prime?
True
Is 57372689 prime?
False
Is 242114333 a composite number?
True
Is 45842513 composite?
False
Is 15507377 a prime number?
True
Is 5930578 prime?
False
Is 95650727 prime?
False
Is 3747409 composite?
True
Is 6159589 composite?
False
Is 200557859 prime?
False
Is 38620541 composite?
True
Is 16791751 composite?
False
Is 126141217 prime?
True
Is 324490137 composite?
True
Is 6041423 a composite number?
True
Is 609743 prime?
True
Is 8865637 a composite number?
True
Is 28106809 prime?
False
Is 1245037 composite?
False
Is 47174731 a composite number?
False
Is 6464373 a prime number?
False
Is 4658321 composite?
False
Is 5872943 prime?
True
Is 1606105 composite?
True
Is 65132297 a composite number?
True
Is 102262241 a prime number?
False
Is 2548849 prime?
True
Is 5379359 prime?
True
Is 4350337 composite?
True
Is 4073917 prime?
True
Is 13527623 prime?
True
Is 3519853 a prime number?
True
Is 6280139 composite?
False
Is 1374101 a prime number?
True
Is 28663151 a composite number?
True
Is 27126947 a composite number?
False
Is 4799689 a composite number?
False
Is 25979207 prime?
True
Is 3436211 composite?
False
Is 146957731 a composite number?
True
Is 202735279 prime?
True
Is 10506841 composite?
False
Is 48742907 a composite number?
False
Is 1595534 a composite number?
True
Is 13689691 a prime number?
True
Is 4928542 composite?
True
Is 954437 a prime number?
False
Is 256402345 a prime number?
False
Is 891041 a prime number?
False
Is 195830329 composite?
False
Is 3085141 composite?
True
Is 6904309 prime?
True
Is 26917063 prime?
True
Is 19760959 composite?
False
Is 3749951 a composite number?
False
Is 82332521 composite?
True
Is 2069329 a prime number?
True
Is 763993 a composite number?
True
Is 23408269 prime?
False
Is 182336422 a prime number?
False
Is 607175729 prime?
True
Is 89942691 a composite number?
True
Is 10907623 composite?
False
Is 1008177 composite?
True
Is 355087 prime?
True
Is 67409413 a prime number?
False
Is 4764521 composite?
False
Is 3643561 prime?
True
Is 3156277 a composite number?
False
Is 19727821 composite?
False
Is 4329583 composite?
True
Is 53093071 a composite number?
False
Is 85270193 prime?
True
Is 357867397 a prime number?
True
Is 34638089 composite?
True
Is 43978351 prime?
True
Is 24686779 a prime number?
False
Is 1845881 a composite number?
False
Is 3013763 prime?
False
Is 6074317 a prime number?
True
Is 143604421 a composite number?
False
Is 8977898 composite?
True
Is 265661 a composite number?
True
Is 2645971 composite?
False
Is 7297771 a prime number?
False
Is 11037019 composite?
True
Is 45283169 composite?
False
Is 9807293 a composite number?
False
Is 3605509 composite?
True
Is 12876341 a composite number?
True
Is 8381251 a prime number?
False
Is 15186893 prime?
True
Is 13465713 prime?
False
Is 122401397 a composite number?
False
Is 578917 a composite number?
False
Is 5390923 prime?
True
Is 19182899 composite?
False
Is 11470993 prime?
True
Is 7365637 a composite number?
False
Is 1198734781 a composite number?
True
Is 190163 prime?
False
Is 160033441 a composite number?
False
Is 25406435 a composite number?
True
Is 85738409 prime?
False
Is 22985189 composite?
False
Is 260876723 a prime number?
False
Is 176340391 a composite number?
False
Is 3189313 a prime number?
True
Is 6301903 prime?
False
Is 7623233 composite?
True
Is 1660751 a prime number?
True
Is 48903727 composite?
True
Is 1102813 prime?
True
Is 6292927 a composite number?
False
Is 217117339 a prime number?
False
Is 2597558 composite?
True
Is 310018727 composite?
True
Is 89627141 prime?
False
Is 30650803 a composite number?
False
Is 737900393 a prime number?
True
Is 452923293 a prime number?
False
Is 1880499 composite?
True
Is 94050653 prime?
True
Is 24407923 a composite number?
True
Is 101895341 prime?
True
Is 24155561 a composite number?
True
Is 3000523 a composite number?
False
Is 548083 prime?
True
Is 58383671 composite?
False
Is 17648287 composite?
False
Is 196199 a composite number?
True
Is 20463029 a composite number?
True
Is 3416503 a composite number?
False
Is 15901679 a prime number?
False
Is 26028349 a composite number?
False
Is 11145739 prime?
False
Is 22069549 composite?
True
Is 10381519 a composite number?
False
Is 17287631 a prime number?
False
Is 19048223 a prime number?
False
Is 7598159 a composite number?
False
Is 579041 prime?
False
Is 80022073 a composite number?
False
Is 95947583 a prime number?
True
Is 110373199 a composite number?
False
Is 5467223 a composite number?
True
Is 657677 composite?
True
Is 535817 a prime number?
False
Is 11519129 a prime number?
False
Is 737779 a prime number?
False
Is 695055157 prime?
True
Is 5507387 composite?
True
Is 4128671 a prime number?
False
Is 584027 prime?
True
Is 4335403 prime?
True
Is 6633089 prime?
True
Is 702941149 a composite number?
True
Is 115412081 prime?
False
Is 57756587 composite?
True
Is 5856839 a prime number?
True
Is 15711499 a prime number?
False
Is 8047097 a composite number?
False
Is 74779018 prime?
False
Is 135723333 composite?
True
Is 11973785 a prime number?
False
Is 64412483 a prime number?
False
Is 85973 a composite number?
True
Is 182407993 composite?
False
Is 20025547 a prime number?
False
Is 313569617 a prime number?
True
Is 61892762 a composite number?
True
Is 23488733 a prime number?
True
Is 133436399 a composite number?
False
Is 74684903 composite?
True
Is 42233449 prime?
True
Is 1797086 a composite number?
True
Is 76644911 prime?
False
Is 2001014 a composite number?
True
Is 5783171 composite?
False
Is 5565449 composite?
False
Is 9169833 prime?
False
Is 1188949 composite?
True
Is 18211741 a prime number?
False
Is 3329735 a prime number?
False
Is 211870391 a composite number?
False
Is 391196957 prime?
False
Is 114263605 a prime number?
False
Is 1582879 a composite number?
True
Is 12315239 composite?
True
Is 97326377 a prime number?
False
Is 11936083 composite?
True
Is 10133269 prime?
True
Is 2590349 a composite number?
False
Is 6413419 a prime number?
True
Is 87473627 a composite number?
True
Is 75031573 a composite number?
True
Is 4733549 a prime number?
True
Is 59134 a prime number?
False
Is 19364567 composite?
True
Is 1539071 prime?
False
Is 3131659 prime?
False
Is 13625057 prime?
True
Is 197025001 composite?
False
Is 183391763 composite?
True
Is 860786 prime?
False
Is 44027 a composite number?
False
Is 2491043 a prime number?
True
Is 151193 a composite number?
True
Is 480647 prime?
True
Is 38605379 a composite number?
False
Is 5766161 composite?
False
Is 275959 composite?
True
Is 10188943 a prime number?
True
Is 103114103 composite?
False
Is 6040331 a prime number?
False
Is 22117597 a composite number?
False
Is 495839 prime?
False
Is 35973127 a composite number?
True
Is 52891637 prime?
True
Is 27557903 composite?
False
Is 318789691 a prime number?
False
Is 1229441 prime?
False
Is 3257579 a composite number?
True
Is 268153 composite?
False
Is 391568503 prime?
True
Is 170999 a prime number?
False
Is 179021 prime?
True
Is 25197173 prime?
False
Is 266765329 prime?
True
Is 4872971 a prime number?
False
Is 1815782 a composite number?
True
Is 4917547 prime?
False
